{"id":145,"date":"2017-04-04T06:39:12","date_gmt":"2017-04-04T06:39:12","guid":{"rendered":""},"modified":"2018-12-13T11:15:51","modified_gmt":"2018-12-13T04:15:51","slug":"register","status":"publish","type":"page","link":"https:\/\/www.thp.com.vn\/tuyen-dung\/register\/","title":{"rendered":"\u0110\u0103ng k\u00fd"},"content":{"rendered":"<div class=\"iwj-register\">\r\n                <form action=\"https:\/\/www.thp.com.vn\/tuyen-dung\/register\/\" method=\"post\" class=\"iwj-form iwj-register-form\">\r\n                                <div class=\"iwj-field\">\r\n                    <label>User name<\/label>\r\n                    <div class=\"iwj-input\">\r\n                        <input type=\"text\" name=\"username\" placeholder=\"Enter Your Username.\">\r\n                    <\/div>\r\n                <\/div>\r\n                <div class=\"iwj-field\">\r\n                    <label>Email<\/label>\r\n                    <div class=\"iwj-input\">\r\n                        <input type=\"email\" name=\"email\" placeholder=\"Enter Your Email Address.\">\r\n                    <\/div>\r\n                <\/div>\r\n\r\n <!-- < Ch\u1ed7 n\u00e0y \u0111\u01b0\u1ee3c th\u00eam v\u00e0o > -->\r\n\r\n                    <div class=\"iwj-field\">\r\n                        <div class=\"iwjmb-field iwjmb-text-wrapper  required\"><div class=\"iwjmb-label\"><label for=\"_iwj_phone\">Phone *<\/label><\/div><div class=\"iwjmb-input\"><input  size=\"30\" placeholder=\"Enter your phone\" type=\"text\" required=\"required\" id=\"_iwj_phone\" class=\"iwjmb-text \" name=\"_iwj_phone\"><\/div><\/div>                    <\/div>\r\n\r\n                    <div class=\"iwj-field\">\r\n                        <div class=\"iwjmb-field iwjmb-taxonomy-wrapper  required\"><div class=\"iwjmb-label\"><label for=\"levels\">Levels *<\/label><\/div><div class=\"iwjmb-input\"><select  data-options=\"{&quot;allowClear&quot;:false,&quot;width&quot;:&quot;none&quot;,&quot;placeholder&quot;:&quot;Select Level&quot;,&quot;multiple&quot;:true}\" multiple size=\"5\" required id=\"levels\" class=\"iwjmb-taxonomy  iwjmb-select_advanced\" name=\"levels[]\"><option value=\"443\" >Chuy\u00ean vi\u00ean<\/option><option value=\"449\" >Gi\u00e1m \u0111\u1ed1c<\/option><option value=\"442\" >Nh\u00e2n vi\u00ean<\/option><option value=\"448\" >Ph\u00f3 gi\u00e1m \u0111\u1ed1c<\/option><option value=\"446\" >Qu\u1ea3n l\u00fd\/ Gi\u00e1m s\u00e1t<\/option><option value=\"450\" >Th\u1ef1c t\u1eadp sinh<\/option><option value=\"445\" >Tr\u01b0\u1edfng \/ Ph\u00f3 ph\u00f2ng<\/option><option value=\"447\" >Tr\u01b0\u1edfng chi nh\u00e1nh<\/option><option value=\"444\" >Tr\u01b0\u1edfng nh\u00f3m<\/option><\/select><\/div><\/div>                    <\/div>\r\n\r\n                    <div class=\"iwj-field\">\r\n\t\t\t\t\t\t<div class=\"iwjmb-field iwjmb-text-wrapper  required\"><div class=\"iwjmb-label\"><label for=\"_iwj_company_name_cadidate\">Company Name *<\/label><\/div><div class=\"iwjmb-input\"><input  size=\"30\" placeholder=\"Enter company name\" type=\"text\" required=\"required\" id=\"_iwj_company_name_cadidate\" class=\"iwjmb-text \" name=\"_iwj_company_name_cadidate\"><\/div><\/div>\t\t\t\t\t<\/div>\r\n\r\n<!-- < Ch\u1ed7 n\u00e0y \u0111\u01b0\u1ee3c th\u00eam v\u00e0o \/> -->\r\n\r\n\r\n                                                    <div class=\"iwj-field\">\r\n                        <label>Password<\/label>\r\n                        <div class=\"iwj-input\">\r\n                            <input type=\"password\" name=\"password\" placeholder=\"Enter Your Password.\" required>\r\n                        <\/div>\r\n                    <\/div>\r\n                \t            \t\t\t\t\t<div class=\"register-account text-center\">\r\n\t\t\t            Khi nh\u1ea5n v\u00e0o n\u00fat <span class=\"theme-color\">\"\u0110\u0103ng K\u00fd\"<\/span> d\u01b0\u1edbi \u0111\u00e2y, th\u00ec b\u1ea1n \u0111\u00e3 \u0111\u1ed3ng \u00fd v\u1edbi  <a target=\"_blank\" href=\"https:\/\/www.thp.com.vn\/tuyen-dung\/dieu-khoan-dieu-kien\/\">\u0110i\u1ec1u kho\u1ea3n & \u0110i\u1ec1u ki\u1ec7n<\/a> v\u00e0<a target=\"_blank\" href=\"\">Ch\u00ednh s\u00e1ch b\u1ea3o m\u1eadt<\/a> c\u1ee7a ch\u00fang t\u00f4i.\t\t\t\t\t<\/div>\r\n\t                            <div class=\"iwj-respon-msg iwj-hide\"><\/div>\r\n                <div class=\"iwj-button-loader\">\r\n                                        <input type=\"hidden\" name=\"role\" value=\"candidate\">\r\n                    <div class=\"g-recaptcha\" data-sitekey=\"6Lc0ZysUAAAAADcO_H4Hlkfkvrlg78VYg81T7nhA\"><\/div>                    <button type=\"submit\" name=\"register\" class=\"iwj-btn iwj-btn-primary iwj-btn-full iwj-btn-large iwj-register-btn\">Register<\/button>\r\n                <\/div>\r\n                <div class=\"iwj-divider\">\r\n                    <span class=\"line\"><\/span>\r\n                    <span class=\"circle\">Or<\/span>\r\n                <\/div>\r\n                                <input type=\"hidden\" name=\"redirect_to\" value=\"\">\r\n            <\/form>\r\n                    <\/div>\r\n\n\n\n<p><\/p>\n","protected":false},"excerpt":{"rendered":"User name Email Phone * Levels *Chuy\u00ean vi\u00eanGi\u00e1m \u0111\u1ed1cNh\u00e2n vi\u00eanPh\u00f3 gi\u00e1m \u0111\u1ed1cQu\u1ea3n l\u00fd\/ Gi\u00e1m s\u00e1tTh\u1ef1c t\u1eadp sinhTr\u01b0\u1edfng \/ Ph\u00f3 ph\u00f2ngTr\u01b0\u1edfng chi nh\u00e1nhTr\u01b0\u1edfng nh\u00f3m Company Name * Password Khi nh\u1ea5n v\u00e0o n\u00fat \"\u0110\u0103ng K\u00fd\" d\u01b0\u1edbi \u0111\u00e2y, th\u00ec b\u1ea1n \u0111\u00e3 \u0111\u1ed3ng \u00fd v\u1edbi \u0110i\u1ec1u kho\u1ea3n & \u0110i\u1ec1u ki\u1ec7n v\u00e0Ch\u00ednh s\u00e1ch b\u1ea3o m\u1eadt c\u1ee7a ch\u00fang t\u00f4i. Register Or","protected":false},"author":1,"featured_media":0,"parent":0,"menu_order":19,"comment_status":"closed","ping_status":"closed","template":"","meta":[],"_links":{"self":[{"href":"https:\/\/www.thp.com.vn\/tuyen-dung\/wp-json\/wp\/v2\/pages\/145"}],"collection":[{"href":"https:\/\/www.thp.com.vn\/tuyen-dung\/wp-json\/wp\/v2\/pages"}],"about":[{"href":"https:\/\/www.thp.com.vn\/tuyen-dung\/wp-json\/wp\/v2\/types\/page"}],"author":[{"embeddable":true,"href":"https:\/\/www.thp.com.vn\/tuyen-dung\/wp-json\/wp\/v2\/users\/1"}],"replies":[{"embeddable":true,"href":"https:\/\/www.thp.com.vn\/tuyen-dung\/wp-json\/wp\/v2\/comments?post=145"}],"version-history":[{"count":0,"href":"https:\/\/www.thp.com.vn\/tuyen-dung\/wp-json\/wp\/v2\/pages\/145\/revisions"}],"wp:attachment":[{"href":"https:\/\/www.thp.com.vn\/tuyen-dung\/wp-json\/wp\/v2\/media?parent=145"}],"curies":[{"name":"wp","href":"https:\/\/api.w.org\/{rel}","templated":true}]}}